s 11 a factor of 1647?
False
Does 4 divide 340?
True
Is 3338 a multiple of 21?
False
Is 20 a factor of 180?
True
Is 1893 a multiple of 12?
False
Is 1020 a multiple of 10?
True
Is 89 a multiple of 63?
False
Is 7480 a multiple of 57?
False
Is 3289 a multiple of 2?
False
Is 23 a factor of 11707?
True
Does 184 divide 47104?
True
Does 15 divide 11280?
True
Is 12 a factor of 6336?
True
Does 89 divide 788?
False
Is 31 a factor of 92845?
True
Does 5 divide 753?
False
Is 11 a factor of 606?
False
Does 27 divide 8019?
True
Does 19 divide 125?
False
Does 54 divide 162?
True
Is 19 a factor of 513?
True
Is 68160 a multiple of 160?
True
Is 32 a factor of 8730?
False
Is 80 a factor of 548?
False
Does 16 divide 12624?
True
Does 6 divide 4450?
False
Does 3 divide 46?
False
Does 7 divide 361?
False
Does 75 divide 4575?
True
Does 303 divide 68003?
False
Does 29 divide 501?
False
Does 4 divide 11256?
True
Is 66 a factor of 5646?
False
Is 36 a multiple of 36?
True
Is 43 a factor of 989?
True
Is 90 a multiple of 3?
True
Does 4 divide 106?
False
Is 12752 a multiple of 56?
False
Is 2 a factor of 285?
False
Does 32 divide 6776?
False
Does 50 divide 33350?
True
Does 53 divide 3211?
False
Is 9310 a multiple of 98?
True
Does 29 divide 667?
True
Does 3 divide 294?
True
Is 733 a multiple of 51?
False
Is 880 a multiple of 5?
True
Is 21 a factor of 1897?
False
Is 150000 a multiple of 50?
True
Is 84 a factor of 2923?
False
Does 21 divide 1617?
True
Is 1407 a multiple of 21?
True
Does 10 divide 2630?
True
Does 11 divide 324?
False
Is 18560 a multiple of 16?
True
Is 1319 a multiple of 7?
False
Is 1200 a multiple of 20?
True
Is 568 even?
True
Does 23 divide 36432?
True
Is 53 a factor of 212?
True
Is 38625 a multiple of 172?
False
Is 1008 a multiple of 28?
True
Is 89 a factor of 9345?
True
Does 15 divide 23505?
True
Does 101 divide 6424?
False
Is 552 a multiple of 24?
True
Is 194 a multiple of 6?
False
Is 14768 a multiple of 153?
False
Is 352 a multiple of 4?
True
Is 31 a factor of 801?
False
Is 122502 a multiple of 12?
False
Does 15 divide 39765?
True
Does 4 divide 40?
True
Does 29 divide 1824?
False
Is 35 a multiple of 4?
False
Is 10 a factor of 306?
False
Does 36 divide 1317?
False
Does 13 divide 1612?
True
Is 6090 a multiple of 174?
True
Is 3857 a multiple of 50?
False
Is 7 a factor of 28889?
True
Is 54740 a multiple of 10?
True
Is 4583 even?
False
Is 150 a multiple of 3?
True
Does 22 divide 95820?
False
Does 17 divide 2533?
True
Does 321 divide 19368?
False
Is 10466 a multiple of 22?
False
Is 9009 a multiple of 77?
True
Is 58 a factor of 4176?
True
Does 17 divide 8361?
False
Is 705 a multiple of 15?
True
Is 79921 a multiple of 16?
False
Is 48 a factor of 67776?
True
Is 15905 a multiple of 5?
True
Is 2184 a multiple of 42?
True
Is 67 even?
False
Is 37 a factor of 6031?
True
Is 4 a factor of 25508?
True
Does 12 divide 552?
True
Does 31 divide 8423?
False
Is 205 a factor of 2255?
True
Is 31652 a multiple of 44?
False
Is 7316 a multiple of 67?
False
Does 155 divide 6820?
True
Does 15 divide 3920?
False
Does 14 divide 2492?
True
Is 490 a multiple of 14?
True
Is 26 a factor of 260?
True
Is 9 a factor of 2089?
False
Is 84 a factor of 588?
True
Does 12 divide 38068?
False
Is 8076 a multiple of 12?
True
Does 325 divide 24050?
True
Does 114 divide 44951?
False
Does 20 divide 2980?
True
Is 12 a factor of 171?
False
Is 15 a factor of 3144?
False
Is 164 a factor of 12792?
True
Is 25 a factor of 674?
False
Is 298 a factor of 17284?
True
Does 16 divide 107024?
True
Is 133 a factor of 51506?
False
Is 99 a factor of 1292?
False
Does 46 divide 4157?
False
Is 610 a multiple of 5?
True
Does 53 divide 25387?
True
Is 29 a factor of 1450?
True
Is 36 a factor of 180?
True
Is 26 a factor of 286?
True
Is 61305 a multiple of 32?
False
Does 9 divide 417?
False
Does 6 divide 372?
True
Does 26 divide 2886?
True
Is 3179 a multiple of 87?
False
Does 171 divide 23256?
True
Does 11 divide 1387?
False
Is 10 a factor of 1270?
True
Is 23 a factor of 4536?
False
Is 14 a factor of 2920?
False
Is 2334 a multiple of 40?
False
Is 83 a factor of 16585?
False
Does 2 divide 62?
True
Is 35347 a multiple of 28?
False
Is 11447 a multiple of 76?
False
Does 19 divide 72960?
True
Is 47 a factor of 430?
False
Is 26 a factor of 29045?
False
Is 61 a factor of 1551?
False
Does 29 divide 1560?
False
Does 180 divide 22122?
False
Does 48 divide 11817?
False
Is 11907 a multiple of 13?
False
Is 23 a factor of 3864?
True
Is 16152 a multiple of 9?
False
Is 17 a factor of 919?
False
Is 60 a factor of 1080?
True
Is 1502 a multiple of 15?
False
Is 150 a factor of 62700?
True
Is 51 a factor of 1519?
False
Does 17 divide 4692?
True
Does 14 divide 812?
True
Is 8 a factor of 1824?
True
Does 75 divide 20025?
True
Does 58 divide 12597?
False
Is 975 a multiple of 62?
False
Does 6 divide 11330?
False
Is 10 a factor of 152?
False
Does 40 divide 240?
True
Does 14 divide 2464?
True
Is 9259 a multiple of 4?
False
Is 30029 a multiple of 18?
False
Is 24 a factor of 2147?
False
Is 4940 a multiple of 190?
True
Does 80 divide 1778?
False
Is 206 a multiple of 13?
False
Is 107 a factor of 47401?
True
Is 2954 a multiple of 7?
True
Is 21612 a multiple of 12?
True
Is 509 even?
False
Is 6 a factor of 2016?
True
Is 348 even?
True
Is 13852 a multiple of 6?
False
Is 4 a factor of 4040?
True
Does 108 divide 15444?
True
Does 15 divide 285?
True
Is 35 a factor of 11481?
False
Is 71913 a multiple of 18?
False
Does 38 divide 342?
True
Does 44 divide 11880?
True
Does 18 divide 26821?
False
Is 639 a multiple of 4?
False
Is 2388 a multiple of 15?
False
Does 11 divide 209?
True
Is 94 a factor of 8352?
False
Does 24 divide 27923?
False
Is 140 a multiple of 59?
False
Is 49 a factor of 6566?
True
Is 427 a multiple of 63?
False
Is 22 a factor of 1188?
True
Is 55 a factor of 1430?
True
Does 53 divide 1392?
False
Does 37 divide 1221?
True
Is 227 a factor of 7401?
False
Is 2859 a multiple of 5?
False
Is 1591 a multiple of 37?
True
Is 16 a factor of 35632?
True
Does 3 divide 722?
False
Is 6 a factor of 40631?
False
Is 113 a multiple of 2?
False
Is 46004 a multiple of 31?
True
Is 265 a factor of 577?
False
Does 24 divide 1595?
False
Does 46 divide 8694?
True
Is 10 a factor of 17540?
True
Is 4827 a multiple of 31?
False
Is 16 a factor of 1664?
True
Is 70 a factor of 1830?
False
Is 43 a factor of 419?
False
Is 336 a multiple of 6?
True
Is 22 a factor of 9922?
True
Is 20 a factor of 21900?
True
Does 11 divide 11903?
False
Does 108 divide 22150?
False
Is 8120 a multiple of 117?
False
Does 29 divide 609?
True
Is 177 a multiple of 8?
False
Is 2 a factor of 2939?
False
Is 37540 a multiple of 43?
False
Is 10 a factor of 1250?
True
Is 5334 a multiple of 7?
True
Is 21 a factor of 10962?
True
Is 22 a factor of 31988?
True
Does 26 divide 208?
True
Is 1598 a multiple of 21?
False
Is 9 a factor of 69966?
True
Does 81 divide 35235?
True
Does 75 divide 9625?
False
Is 11 a factor of 11055?
True
Is 3360 a multiple of 12?
True
Is 92 a factor of 3990?
False
Is 52430 a multiple of 214?
True
Does 10 divide 8750?
True
Is 77 a factor of 5425?
False
Is 46431 a multiple of 36?
False
Is 14 a factor of 17283?
False
Is 31 a factor of 1519?
True
Is 47 a factor of 34263?
True
Is 26154 a multiple of 18?
True
Is 107 a factor of 37596?
False
Is 12 a factor of 2988?
True
Does 17 divide 17493?
True
Is 43 a factor of 1826?
False
Is 9 a factor of 782?
False
Is 2304 a multiple of 18?
True
Is 298 a multiple of 50?
False
Does 5 divide 95?
True
Is 4837 a multiple of 5?
False
Is 9606 a multiple of 144?
False
Is 1020 a multiple of 9?
False
Does 39 divide 514?
False
Is 11030 a multiple of 10?
True
Is 29 a factor of 3654?
True
Is 18 a factor of 4305?
False
Does 5 divide 2967?
False
Is 109 a factor of 4360?
True
Is 20 a factor of 46959?
False
Does 8 divide 16309?
False
Is 11 a factor of 633?
False
Is 176 a multiple of 7?
False
Is 28968 a multiple of 102?
True
Does 10 divide 450?
True
Is 13 a factor of 1222?
True
Does 64 divide 576?
True
Is 4560 a multiple of 60?
True
Is 17850 a multiple of 47?
False
Is 2249 a multiple of 44?
False
Is 110317 a multiple of 107?
True
Does 39 divide 5070?
True
Is 5250 a multiple of 25?
True
Does 6 divide 1838?
False
Is 181 a multiple of 42?
False
Does 35 divide 386?
False
Is 1946 a multiple of